{"id":230,"date":"2021-02-19T09:29:40","date_gmt":"2021-02-19T09:29:40","guid":{"rendered":"http:\/\/multiscale.ro\/?page_id=230"},"modified":"2021-02-19T14:12:00","modified_gmt":"2021-02-19T14:12:00","slug":"activitati-2","status":"publish","type":"page","link":"https:\/\/multiscale.ro\/index.php\/activitati-2\/","title":{"rendered":"Activit\u0103\u021bi"},"content":{"rendered":"\n<h1>\n\t\tActivit\u0103\u021bi\n\t<\/h1>\n\t<p>Stimularea transferului de cuno\u0219tin\u021be:<\/p>\n<ul>\n<li>\n<ul>\n<li>\n<ul>\n<li>Identificarea \u0219i formularea ofertei de expertiz\u0103 \u0219i rezultate.<\/li>\n<li>Asisten\u021b\u0103 direct\u0103 pentru \u00eentreprinderile partenere pentru a identifica cerin\u021bele concrete de asisten\u021b\u0103 din partea INSAE pentru dezvoltarea produselor \u0219i serviciilor acestora.<\/li>\n<li>Organizarea de evenimente tematice pentru activit\u0103\u021bi de eco-inova\u021bie \u00een domeniul temelor de cercetare care fac obiectul prezentei propuneri.<\/li>\n<li>Instruirea personalului organiza\u021biei de cercetare implicat \u00een activit\u0103\u021bile de tip A.<\/li>\n<li>Identificarea de noi poten\u021biali beneficiari ai transferului de cuno\u0219tin\u021be.<\/li>\n<\/ul>\n<\/li>\n<\/ul>\n<\/li>\n<\/ul>\n\t\t\t\t<img loading=\"lazy\" decoding=\"async\" src=\"https:\/\/multiscale.ro\/wp-content\/uploads\/2021\/02\/activitati.jpg\" alt=\"activitati\" itemprop=\"image\" height=\"830\" width=\"1600\" title=\"activitati\" onerror=\"this.style.display='none'\"  \/>\n<p>Accesul \u00eentreprinderilor la facilit\u0103\u021bile INSAE:<\/p>\n<ul>\n<li>\n<ul>\n<li>\n<ul>\n<li>Acces la platforma HYRES \u0219i la laboratoarele INSAE pentru activit\u0103\u021bile de cercetare, testare \u0219i \u00eencerc\u0103ri de laborator.<\/li>\n<li>Accesare b\u0103nci de date \u015fi biblioteci tehnico-\u0219tiin\u021bifice.<\/li>\n<li>\u00cenchiriere de spa\u021bii de lucru pentru activit\u0103\u021bile \u00eentreprinderii.<\/li>\n<\/ul>\n<\/li>\n<\/ul>\n<\/li>\n<\/ul>\n<p>&nbsp;<\/p>\n<p>Activit\u0103\u021bi de transfer de competen\u021be de CD \u0219i de sprijinire a inov\u0103rii:<\/p>\n<ul>\n<li>\n<ul>\n<li>\n<ul>\n<li>Activit\u0103\u021bi de cercetare industrial\u0103 contractuale executate pentru \u0219i \u00een numele \u00eentreprinderilor partenere.<\/li>\n<li>Activit\u0103\u021bi de dezvoltare experimental\u0103 contractuale executate pentru \u0219i \u00een numele \u00eentreprinderilor partenere.<\/li>\n<li>Deta\u0219are de personal cu \u00eenalt\u0103 calificare.<\/li>\n<li>Cercetare de pia\u021b\u0103 de c\u0103tre INSAE pentru \u00eentreprinderile partenere.<\/li>\n<li>Servicii de etichetare de calitate, testarea \u0219i certificarea calit\u0103\u021bii.<\/li>\n<\/ul>\n<\/li>\n<\/ul>\n<\/li>\n<\/ul>\n<p>&nbsp;<\/p>\n<p>CD \u00een colaborare efectiv\u0103 cu \u00eentreprinderile partenere:<\/p>\n<ul>\n<li>\n<ul>\n<li>\n<ul>\n<li>Cercetare industrial\u0103 realizat\u0103 \u00een colaborare efectiv\u0103 asupra materialelor nano-structurate cu propriet\u0103\u021bi fizice \u0219i chimice adaptate la cerin\u021bele de aplicare.<\/li>\n<li>Cercetare industrial\u0103 realizat\u0103 \u00een colaborare efectiv\u0103 asupra conceptelor noi de integrare a materialelor nano-structurate prin modelare multi-scalar\u0103 \u0219i multi-fizic\u0103 pe baza unor metode folosind teoria constructal\u0103, metode fractalice, metode matematice hibride \u0219i abord\u0103ri bionice.<\/li>\n<li>Cercetare industrial\u0103 realizat\u0103 \u00een colaborare efectiv\u0103 asupra dezvolt\u0103rii unei abord\u0103ri holistice pentru integrarea materialelor avansate \u00een vederea promov\u0103rii de solu\u021bii eco-inovative.<\/li>\n<li>Cercetare industrial\u0103 realizat\u0103 \u00een colaborare efectiv\u0103 pentru integrarea materialelor avansate \u00een sisteme de producere, echilibrare, acumulare \u0219i utilizare inteligent\u0103 a energiei.<\/li>\n<li>Cercetare industrial\u0103 realizat\u0103 \u00een colaborare efectiv\u0103 asupra integr\u0103rii solu\u021biilor de software \u00een sistemele \u0219i componentele energetice cu materiale avansate folosind tehnologii de tip Internetul Serviciilor (Internet of Services &#8211; IoS) \u0219i Intenetul Lucrurilor (Internet of Things &#8211; IoT).<\/li>\n<li>Dezvoltare experimental\u0103 realizat\u0103 \u00een colaborare efectiv\u0103 pentru integrarea rezultatelor de cercetare industrial\u0103 \u00een vederea realiz\u0103rii de sisteme de procesare a biomasei reziduale \u0219i din diferite tipuri de bioresurse \u00een vederea producerii de biogaz cu o eficien\u021b\u0103 de conversie ridicat\u0103, extrac\u021bie de substan\u021be utile cum ar fi azota\u021bi, fosfa\u021bi sau acid uric \u00een vederea valorific\u0103rii superioare a acestora \u015fi \u00een vederea realiz\u0103ii de reactoare inovative cu eficien\u021b\u0103 ridicat\u0103, cu costuri minime de \u00eentre\u021binere, rezistente la coroziune \u0219i cu fiabilitate ridicat\u0103.<\/li>\n<li>Dezvoltare experimental\u0103 realizat\u0103 \u00een colaborare efectiv\u0103 pentru integrarea rezultatelor de cercetare industrial\u0103 \u00een vederea realiz\u0103rii de sisteme de procesare a resturilor vegetale \u00een vederea peletiz\u0103rii acestora, tratarea pele\u021bilor prin torefiere \u0219i condi\u021bionarea \u00een vederea ob\u021binerii de propriet\u0103\u021bi superioare pentru utilizarea \u00een sisteme energetice, sisteme de procesare industriale sau \u00een alte aplica\u021bii eco-inovative \u015fi \u00een vederea realiz\u0103ii de concepte \u0219i metodologii eco-inovative de tratare a n\u0103molurilor din sta\u021biile de epurare municipale \u0219i industriale cu bilan\u021b energetic pozitiv.<\/li>\n<li>Dezvoltare experimental\u0103 realizat\u0103 \u00een colaborare efectiv\u0103 pentru integrarea rezultatelor de cercetare industrial\u0103 \u00een vederea realiz\u0103rii de sisteme cu reactoare bio-electrochimice pentru sinteza de substan\u021be cu valoare de pia\u021b\u0103 ridicat\u0103, cum ar fi amoniacul \u0219i ureea, prin utilizarea energiei provenite din surse intermitente (eolian\u0103 \u0219i solar\u0103), realizarea de instala\u021bii de procesare a dejec\u021biilor integr\u00e2nd celule de combustie microbiale \u015fi \u00een vederea realiz\u0103rii de sisteme de tip celule de combustie de \u00eenalt\u0103 performan\u021b\u0103 tip PEM, SOFC, MCFC care s\u0103 func\u021bioneze cu hidrogen respectiv biogaz \u0219i celule pe baz\u0103 de uree sau amoniac.<\/li>\n<li>Dezvoltare experimental\u0103 realizat\u0103 \u00een colaborare efectiv\u0103 pentru integrarea rezultatelor de cercetare industrial\u0103 \u00een vederea realiz\u0103rii de sisteme de procesarea biomasei \u0219i a altor forme de energie regenerabil\u0103 (eolian\u0103 \u0219i solar\u0103) \u00een vederea producerii de hidrogen ca vector energetic pentru sisteme de cogenerare cu \u00eenalt\u0103 eficien\u021b\u0103 \u0219i impact ecologic redus asupra mediului \u00eenconjur\u0103tor \u015fi \u00een vederea realiz\u0103rii de metode inginere\u0219ti avansate pentru analiza \u0219i optimizarea instala\u021biilor de cogenerare hibride care s\u0103 integreze sisteme solare, sisteme eoliene, celule de combustie, acumulatoare de energie \u0219i sisteme clasice de cogenerare.<\/li>\n<li>Dezvoltare experimental\u0103 realizat\u0103 \u00een colaboare efectiv\u0103 pentru integrarea rezultatelor de cercetare industrial\u0103 \u00een vederea realiz\u0103rii de sisteme catalitice de ardere pentru biomas\u0103, biocombustibili \u0219i hidrogen \u00een vederea cre\u0219terii eficien\u021bei \u0219i reducerii emisiilor poluante, oferirea de servicii eco-inovative de auditare energetic\u0103, cre\u0219terea eficien\u021bei energetice \u0219i reducerea impactului ecologic \u015fi \u00een vederea oferirii de servicii de modelare, simulare \u0219i optimizare folosind concepte inginere\u0219ti avansate \u00een vederea optimiz\u0103rii multi-scalare \u0219i multi-fizice a proceselor din sistemele energetice.<\/li>\n<li>Dezvoltare experimental\u0103 realizat\u0103 \u00een colaborare efectiv\u0103 pentru integrarea rezultatelor de cercetare industrial\u0103 \u00een vederea realiz\u0103rii de structuri optimale destinate sistemelor de recuperare a energiei eoliene \u0219i solare cu \u00eenalt\u0103 rezisten\u021b\u0103 la coroziune destinate zonelor litorale \u0219i pentru aplica\u021bii \u00een ape continentale \u015fi pentru realizarea de materiale de construc\u021bie cu propriet\u0103\u021bi de izolare termic\u0103 \u0219i propriet\u0103\u021bi de rezisten\u021b\u0103 anticoroziv\u0103 pentru utilizare \u00een instala\u021bii de biogaz, izolarea echipamentelor \u0219i cl\u0103dirilor industriale \u0219i pentru aplica\u021bii speciale \u00een medii corozive sau \u00een aplica\u021bii din zone cu ape continentale.<\/li>\n<li>Dezvoltare experimental\u0103 realizat\u0103 \u00een colaborare efectiv\u0103 \u00een vederea integr\u0103rii rezultatelor de cercetare industrial\u0103 \u00een servicii de proiectare \u0219i realizare de sisteme la cheie pentru aplica\u021bii industriale realizate pe baza conceptelor de Internet of Services \u0219i Internet of Things \u0219i integr\u00e2nd algoritmi \u0219i baze de date specializate.<\/li>\n<\/ul>\n<\/li>\n<\/ul>\n<\/li>\n<\/ul>\n<p>&nbsp;<\/p>\n<p>Management de proiect (inclusiv informare \u015fi publicitate privind proiectul):<\/p>\n<ul>\n<li>\n<ul>\n<li>\n<ul>\n<li>Negocierea \u0219i \u00eencheierea contractului de grant cu autoritatea contractant\u0103.<\/li>\n<li>Negocierea \u0219i \u00eencheierea contractelor cu partenerii de proiect.<br \/>\nPlanificarea, monitorizare \u0219i raportare.<\/li>\n<li>\u00centocmirea planului de diseminare \u0219i implementarea acestuia prin informare \u015fi publicitate privind proiectul.<\/li>\n<li>Managementul calit\u0103\u021bii \u0219i \u00eembun\u0103t\u0103\u021birea continu\u0103.<\/li>\n<li>Protejarea propriet\u0103\u021bii intelectuale \u0219i industriale (publica\u021bii, brevete de inven\u021bie, modele \u0219i desene industriale).<\/li>\n<\/ul>\n<\/li>\n<\/ul>\n<\/li>\n<\/ul>\n\n","protected":false},"excerpt":{"rendered":"<p>Activit\u0103\u021bi Stimularea transferului de cuno\u0219tin\u021be: Identificarea \u0219i formularea ofertei de expertiz\u0103 \u0219i rezultate. Asisten\u021b\u0103 direct\u0103 pentru \u00eentreprinderile partenere pentru a identifica cerin\u021bele concrete de asisten\u021b\u0103 din partea INSAE pentru dezvoltarea produselor \u0219i serviciilor acestora. Organizarea de evenimente tematice pentru activit\u0103\u021bi de eco-inova\u021bie \u00een domeniul temelor de cercetare care fac obiectul prezentei propuneri. Instruirea personalului organiza\u021biei&hellip;&nbsp;<a href=\"https:\/\/multiscale.ro\/index.php\/activitati-2\/\" rel=\"bookmark\">Read More &raquo;<span class=\"screen-reader-text\">Activit\u0103\u021bi<\/span><\/a><\/p>\n","protected":false},"author":1,"featured_media":0,"parent":0,"menu_order":0,"comment_status":"closed","ping_status":"closed","template":"","meta":{"neve_meta_sidebar":"full-width","neve_meta_container":"default","neve_meta_enable_content_width":"on","neve_meta_content_width":100,"neve_meta_title_alignment":"","neve_meta_author_avatar":"","neve_post_elements_order":"","neve_meta_disable_header":"","neve_meta_disable_footer":"","neve_meta_disable_title":"on","footnotes":""},"class_list":["post-230","page","type-page","status-publish","hentry"],"_links":{"self":[{"href":"https:\/\/multiscale.ro\/index.php\/wp-json\/wp\/v2\/pages\/230","targetHints":{"allow":["GET"]}}],"collection":[{"href":"https:\/\/multiscale.ro\/index.php\/wp-json\/wp\/v2\/pages"}],"about":[{"href":"https:\/\/multiscale.ro\/index.php\/wp-json\/wp\/v2\/types\/page"}],"author":[{"embeddable":true,"href":"https:\/\/multiscale.ro\/index.php\/wp-json\/wp\/v2\/users\/1"}],"replies":[{"embeddable":true,"href":"https:\/\/multiscale.ro\/index.php\/wp-json\/wp\/v2\/comments?post=230"}],"version-history":[{"count":6,"href":"https:\/\/multiscale.ro\/index.php\/wp-json\/wp\/v2\/pages\/230\/revisions"}],"predecessor-version":[{"id":304,"href":"https:\/\/multiscale.ro\/index.php\/wp-json\/wp\/v2\/pages\/230\/revisions\/304"}],"wp:attachment":[{"href":"https:\/\/multiscale.ro\/index.php\/wp-json\/wp\/v2\/media?parent=230"}],"curies":[{"name":"wp","href":"https:\/\/api.w.org\/{rel}","templated":true}]}}